s**2 + 2*s + 1. Give c(l).
-14
Let b(o) = o**3 - 5*o**2 - o + 2. Let d(q) be the third derivative of 7*q**2 + 0 + 5/24*q**4 - 7/6*q**3 + 0*q + 1/20*q**5. Let x be d(-3). What is b(x)?
-3
Let b be ((21/(-6))/(-7))/((-24)/144). Let r(y) = 2*y + 2. Calculate r(b).
-4
Suppose a - 5 + 11 = -4*k, 5*a - 5*k - 45 = 0. Let l(s) = -2*s - 2. Let z be l(-2). Let m(p) = 0 - 4 - p + 4 - z. Give m(a).
-8
Let i = 331 - 333. Let g(h) = -10*h + 27*h + 3 - 13*h + 2. Determine g(i).
-3
Let j(n) = n**3 - 7*n**2 - 2*n - 51. Let c be j(8). Let t(v) = -2 + 0 - 34*v + 42*v + 0. Give t(c).
-26
Let w(x) be the first derivative of -x**3/3 - 5*x**2/2 - 6*x - 38. Let o = -601 + 597. What is w(o)?
-2
Let b(q) = 2*q - 5. Let g be b(5). Suppose -g*d = x + 6 + 1, -5*d - 10 = 0. Let u(v) = -5 - 2 - 5*v + 6 + 3*v - 1. Calculate u(x).
-8
Let o(i) = -i**2 + 111*i + 461. Let j be o(-4). Let u(t) = -5*t + 7. What is u(j)?
2
Let j be 273/(-247) - 8/(-76). Let o(l) = -2 - 6*l**2 + 5*l**2 + 1. Let h(b) = 3*b**3 - 5*b**2 - b - 3. Let y(d) = j*h(d) + 4*o(d). Give y(1).
-2
Let y(z) = z**3 + 76*z**2 - 44*z. Let v(p) = -p**3 - 69*p**2 + 40*p. Let s(a) = -11*v(a) - 10*y(a). Let n be 1 + 1 + 2 + -2. Calculate s(n).
4
Let n(d) = -7*d**3 - 3*d**2 - 9*d + 9. Let h(p) = 27*p**3 + 11*p**2 + 34*p - 34. Let f(z) = 6*h(z) + 23*n(z). Let g be (-2)/5 + (-34)/(-10). Calculate f(g).
-6
Suppose -5*s + 564 = -2*t, 4*t - 2*s + 1128 = s. Let a = -289 - t. Let l(k) = k**3 + 7*k**2 - 6. Calculate l(a).
-6
Let u(x) be the second derivative of x**6/40 - x**5/60 - x**4/12 - x**3/6 + 31*x**2 + 2*x + 14. Let z(c) be the first derivative of u(c). Calculate z(-1).
-3
Let m(o) = 25*o**3 + 21*o**2 + 32*o - 14. Let g(d) = 11*d**3 + 10*d**2 + 15*d - 7. Let h(v) = -9*g(v) + 4*m(v). Determine h(5).
-53
Let n(c) = -c**3 + 8*c**2 - 6. Let j = 63 - 150. Let z = -87 - j. Let i be (z - (2 - 5)) + 5. What is n(i)?
-6
Let v(b) = -b**3 - b**2 - 4*b + 3. Let a(d) = 2*d**3 - d**2 + 9*d. Let p(u) = -2*a(u) - 5*v(u). What is p(-5)?
25
Let a be (-3 + 4)*(0 + -1). Let w(v) = 4*v**2 - v + 1. Determine w(a).
6
Let y(v) = v**3 + 5*v**2 + 5*v + 11. Let l(z) = 2*z**3 + 161*z**2 - 79*z + 158. Let n be l(-81). Determine y(n).
7
Let h(l) = 3*l - 4. Let p(v) = -3*v - 16. Suppose -1177 = 4*j - 1149. Let w be p(j). What is h(w)?
11
Let o = 7 + -9. Let g(z) = 80*z**2 + 17*z - 27. Let w(t) = 137*t**2 + 29*t - 46. Let m(q) = -12*g(q) + 7*w(q). Calculate m(o).
0
Let c(d) = -d**2 + 6*d + 7. Let m = 126 + -91. Suppose 14*i - m = 35. Determine c(i).
12
Suppose 73*p + 76*p + 81 = 152*p. Let j(k) be the second derivative of 0 + 1/3*k**3 + 1/3*k**4 - p*k + 1/2*k**2. Give j(-1).
3
Let b(z) = 3*z - 4. Let t be (-2)/16 + 1329/8. Suppose -170*p + t*p = 12. Give b(p).
-13
Suppose 20*m + 53*m + 13*m = 0. Let v(p) be the third derivative of -1/120*p**6 - 13*p**2 - 2/3*p**3 + m + 1/15*p**5 + 0*p - 1/12*p**4. Determine v(3).
-1
Let o(q) = -q**3 + 3*q**2 - 3*q + 6. Let n(m) = 2*m - 24. Let b be 432/(-28) + -4*2/14. Let g be n(b). Let i = g - -60. Give o(i).
-22
Let g(t) = 21*t + 668. Let n be g(-32). Let h(o) = 22*o + 79. What is h(n)?
-9
Let s(v) = -v**2 + 7*v + 21. Suppose -6*w - 59*w + 585 = 0. Calculate s(w).
3
Let c(d) = -28*d + 13*d + 1 - 2 + 17*d. Let v = -15 + 24. Suppose -p + v = 2*p. Determine c(p).
5
Let i be 22/14 + (4/(-54) - (-3705)/7371). Let v(k) = -3*k**2 + 7*k + 4. What is v(i)?
6
Let t(h) be the first derivative of 5*h**2/2 + 6*h + 6367. Suppose 3*r = 2*r - 5. Give t(r).
-19
Let g = 50 + -46. Suppose b = -3, -5*b - 6 - 45 = -g*l. Let n(m) = 0*m**2 + 11 + m**2 + 0*m**2 - 2 + l*m. Give n(-6).
-9
Let j(x) be the first derivative of 4*x**3/3 + 2*x**2 - 23*x + 4082. Give j(-4).
25
Let z(m) = -2*m + 7. Let s = 458 - 500. Let p be (-259)/(-49) - (-12)/s. Give z(p).
-3
Let g = 1354 - 1409. Suppose 34 = -k - 14. Let c = g - k. Let f(x) = x**2 + 7*x - 3. Determine f(c).
-3
Suppose -4*x = -12, 4*j - 45 = -j - 5*x. Let t(c) = 0 + 3*c - 3*c + j + c. Calculate t(-9).
-3
Let k(u) = -39*u - 42*u + 4 - 63*u - 3 + 145*u. Let x be 0 - (7 - (-1 - -3)). Calculate k(x).
-4
Let o(u) = 4*u**2 - 8*u + 15. Let l be 4/(-16) + ((-11)/4 - 2). Let a(k) = 3*k**2 - 5*k + 10. Let c(h) = l*o(h) + 7*a(h). What is c(-6)?
1
Suppose 0 = 4*l + 2 + 2, 0 = 5*m - 4*l - 29. Suppose 2*h + 2 = d + 16, -3*d - 27 = -3*h. Let p(b) = 172 + h*b + 4*b**2 - 5*b**2 + 3*b - 165. Determine p(m).
22
Suppose -10*b + 12*b = -p - 1, -3*p = -6*b + 3. Let d(a) = -28*a - 1. Determine d(p).
27
Let c(u) = -13*u + 31797 - 15880 - 15871. Calculate c(4).
-6
Let z(u) = u**2 + 12*u + 2. Let y be (-140)/100 - 7/(-5). Suppose 21*g + 182 + 28 = y. Calculate z(g).
-18
Let j(w) = -15*w - 6. Let i(g) = 23*g - 1565. Let m be i(68). Determine j(m).
9
Let f(t) = 0 - 360*t - 2 - 376*t - 372*t + 1099*t. Let u = 9 - 5. What is f(u)?
-38
Let q(c) = -c**2 - 10*c - 26. Let x(t) = -235*t**2 + 1407*t + 10. Let r be x(6). Give q(r).
-10
Let r(w) = 54*w**2 - 15*w + 81. Let c(b) = -25*b**2 + 8*b - 41. Let p(o) = -13*c(o) - 6*r(o). Calculate p(8).
-1
Suppose -3*t + 291 = 261. Let j be 10*((-15)/t)/3. Let q(i) = i**2 + 4*i - 3. Calculate q(j).
2
Let k(a) be the first derivative of a**2 + 16*a - 1363. Give k(0).
16
Let a(v) = -v + 2. Suppose -3*p - 3*p = 6. Let d be 0/(-8) + (p - -1*1). Suppose -3*t + 8*t - 35 = d. What is a(t)?
-5
Let n = 6 + -1. Suppose 3 = -p, 0 = s - 0*s + n*p + 9. Let a(v) be the second derivative of -v**4/12 + 2*v**3/3 + 3*v**2/2 - 44131*v. What is a(s)?
-9
Let u(i) = 357*i + 6. Let h(s) = -60*s. Let w(l) = 6*h(l) + u(l). Calculate w(-5).
21
Let f(q) = 2*q + 18*q**2 + 17*q**2 + 8 - 63*q**2 + 20*q**2. What is f(4)?
-112
Let j(d) be the second derivative of d**4/12 - d**3/3 - 3*d**2/2 + 89*d. Let r be (3 - 6)/(4/(-4)). Give j(r).
0
Let n(s) be the second derivative of -s**6/120 + s**5/60 + s**4/24 - 2*s**3 + 61*s**2 + 27*s + 3. Let b(x) be the first derivative of n(x). Give b(0).
-12
Let k(m) = -16*m**2 - 68*m - 7. Let w be k(-4). Let c(z) = z + 5. What is c(w)?
14
Suppose 4*l + 0*z = -2*z + 182, -2*z = 2*l - 88. Suppose 13 = 10*j - l. Let a(w) = w**2 - 6*w + 4. Determine a(j).
4
Let l(z) = 6*z - 3 - 11 - 27669*z**2 + 27670*z**2. Calculate l(-8).
2
Let x be -3*(140/(-6))/(-7). Let v(g) be the first derivative of 11/3*g**3 - 10*g + 1/4*g**4 + 9/2*g**2 + 17. Give v(x).
0
Suppose -5*p - 4*f - 251 = 0, -17 = 2*p + f + 84. Let g = p - -47. Let v(q) = q + 5. Calculate v(g).
1
Let g = 5 + 40. Let z be (-2)/(-9) - (-260)/g. Let v(j) = z - 19*j + 38*j - 18*j. Calculate v(-6).
0
Let t(w) = 2 - 73*w - 60*w + 134*w. Let g(f) = 8*f + 5. Let c(p) = g(p) - 5*t(p). What is c(5)?
10
Let t(z) = -2*z + 4. Let x be t(1). Suppose r = -x*k + 1 - 3, 5*k = -3*r - 8. Let q be 2 - r*6/9. Let w(b) = b**2 - 8*b + 9. Calculate w(q).
-3
Let k(r) be the first derivative of -r**2 - 15*r - 1066. Give k(1).
-17
Let p(u) be the first derivative of -u**3/3 - u**2 + 5*u + 1. Let n = -48 + 69. Let o be (-130)/35 + (-6)/n. Calculate p(o).
-3
Let f(o) be the first derivative of -3/2*o**2 - 2/3*o**3 - 1/4*o**4 + 113 - o. Give f(-2).
5
Suppose -10*f + 28 = -14*f. Suppose 3*h - 12 = -3*r + 5*h, 18 = r + 4*h. Let t(p) = 2*p + r - 2*p + p. Calculate t(f).
-1
Let t(v) be the third derivative of -v**4/24 + 2*v**3 - 11*v**2. Suppose 49*q - 102 = 55*q. Let m be q/85 - (-36)/5. Give t(m).
5
Let k(t) = -5 + 0 + 1201*t - 7 - 1184*t - 7. What is k(0)?
-19
Let q(z) = -5*z + 7. Let w(a) = -5*a - 2. Let h(k) = -3*q(k) + 5*w(k). Determine h(-4).
9
Let z(r) = -5*r + 3. Let q be (-5)/(-10)*(11 + -15). Let g be (143/(-26) - -3)/(q/(-4)). What is z(g)?
28
Let c be -4*(3/1 - 2). Let h(l) = 38 - 5*l**2 + 5*l**3 - 15 - 7 - 13 + 2 - 2*l - 6*l**3. Determine h(c).
-3
Let d(s) = -3*s**3 - 16*s**2 + 18*s + 2. Let u(q) = 5*q**3 + 31*q**2 - 37*q - 1. Let a(o) = -7*d(o) - 4*u(o). Calculate a(10).
10
Let h(n) = 16*n**2 + 2*n - 34. Let a(f) = 7*f**2 + f - 17. Suppose -36*t = -19*t - 119. Let p(v) = t*a(v) - 3*h(v). Calculate p(0).
-17
Let s be (-23)/(-7) + 6/(-21). Let i(k) = -3*k - s - 3*k - k**2 + k. Suppose -213*m + 200*m - 52 - 13 = 0. What is i(m)?
-3
Let f(m) = m**3 + 7*m**2 - 55*m - 267. Let b be f(-10). Let r(c) = -16*c - 276. Determine r(b).
-4
Let f = -186 + 204. Suppose -f = -11*m + 37. Let c(j) = -2*j + 10. Calculate c(m).
0
Let k(f) = -f**3 - 8*f**2 + f - 2. Let p(q) = 3*q